{"id":2489,"date":"2021-03-14T11:57:08","date_gmt":"2021-03-14T10:57:08","guid":{"rendered":"http:\/\/gss.org.pl\/?page_id=2489"},"modified":"2021-03-14T11:57:09","modified_gmt":"2021-03-14T10:57:09","slug":"rekrutacja-specjalista-ds-administracyjnych","status":"publish","type":"page","link":"https:\/\/gss.org.pl\/index.php\/rekrutacja-specjalista-ds-administracyjnych\/","title":{"rendered":"Rekrutacja &#8211; Specjalista ds. administracyjnych"},"content":{"rendered":"\n<p>Szukamy kogo\u015b, kto ma do\u015bwiadczenie w zarz\u0105dzaniu biurem i b\u0119dzie mia\u0142 satysfakcj\u0119 z tego, \u017ce damy mu du\u017c\u0105 samodzielno\u015b\u0107 w organizowaniu biura i rozwoju Sp\u00f3\u0142dzielni.<\/p>\n\n\n\n<p>Twoje zadania:<\/p>\n\n\n\n<ul class=\"wp-block-list\"><li>Obs\u0142uga sekretariatu<\/li><li>Realizacja obiegu dokument\u00f3w<\/li><li>Nadz\u00f3r nad dokumentacj\u0105<\/li><li>Przygotowywanie pism, dokumentacji, um\u00f3w<\/li><li>Pilnowanie termin\u00f3w zwi\u0105zanych z funkcjonowaniem Sp\u00f3\u0142dzielni<\/li><li>Realizacja planu pracy<\/li><li>Prowadzenie strony internetowej<\/li><li>Wsparcie w realizacji zada\u0144 Dyrektora, Zarz\u0105du, dzia\u0142\u00f3w odpowiedzialnych za obs\u0142ug\u0119 klienta<\/li><li>Nadz\u00f3r nad wyposa\u017ceniem i \u015brodkami trwa\u0142ymi<\/li><li>Zaopatrzenie<\/li><\/ul>\n\n\n\n<p>Aplikuj je\u015bli:<\/p>\n\n\n\n<ul class=\"wp-block-list\"><li>Masz do\u015bwiadczenie na podobnym stanowisku<\/li><li>Umiesz budowa\u0107 relacje<\/li><li>Masz energi\u0119 do dzia\u0142ania, jeste\u015b pracowita\/pracowity i nastawiona\/y na rozwi\u0105zywanie problem\u00f3w<\/li><li>Chcesz si\u0119 rozwija\u0107 i masz wizj\u0119 tego jak rozwija\u0107 nasz\u0105 Sp\u00f3\u0142dzielni\u0119<\/li><li>S\u0105dzisz, \u017ce b\u0119dziesz si\u0119 dobrze czu\u0107 w Sp\u00f3\u0142dzielni, a my z Tob\u0105<\/li><li>Jeste\u015b odporna\/y na stres i elestyczna\/y<\/li><\/ul>\n\n\n\n<p>Korzy\u015bci wynikaj\u0105ce z bycia cz\u0119\u015bci\u0105 zespo\u0142u Gda\u0144skiej Sp\u00f3\u0142dzielni Socjalnej:<\/p>\n\n\n\n<ul class=\"wp-block-list\"><li><strong>Umowa o prac\u0119.<\/strong><\/li><li><strong>Benefity pracownicze.<\/strong><\/li><\/ul>\n\n\n\n<p><strong>Samodzielno\u015b\u0107 i decyzyjno\u015b\u0107<\/strong> &#8211; zatrudniamy osoby doros\u0142e i jako takie je traktujemy. Oczekujemy okre\u015blonych efekt\u00f3w i rezultat\u00f3w, lecz dajemy bardzo du\u017c\u0105 swobod\u0119 w sposobie ich osi\u0105gania.<\/p>\n\n\n\n<p><strong>Ci\u0105g\u0142y rozw\u00f3j i nauka<\/strong> &#8211;&nbsp; B\u0119dziesz mie\u0107 wi\u0119c okazj\u0119 brania udzia\u0142u w r\u00f3\u017cnych szkoleniach, konferencjach, zar\u00f3wno online, jak i stacjonarnych.<\/p>\n\n\n\n<p><strong>Harmonogram rekrutacji:<\/strong><\/p>\n\n\n\n<p><strong>Zobacz harmonogram rekrutacji, by podj\u0105\u0107 decyzj\u0119, czy znajdziesz dla nas czas:<\/strong><\/p>\n\n\n\n<figure class=\"wp-block-table is-style-regular\"><table><tbody><tr><td><strong>15 marca &#8211; 4 kwietnia<\/strong> &#8211; I etap rekrutacji &#8211; uzupe\u0142nianie ankiet;<\/td><td><strong>26 &#8211; 30 kwietnia<\/strong> &#8211; przegl\u0105damy zadania i wybieramy osoby do III etapu<\/td><\/tr><tr><td><strong>5 &#8211; 9 kwietnia<\/strong> &#8211; czytamy ankiety i wybieramy osoby do kolejnego etapu;<\/td><td><strong>30 kwietnia<\/strong> &#8211; decyzja kto przechodzi do III etapu;<\/td><\/tr><tr><td><strong>12 kwietnia<\/strong> &#8211; wysy\u0142amy zadania praktyczne do os\u00f3b, kt\u00f3re przesz\u0142y do II etapu;<\/td><td><strong>5 &#8211; 7 maja<\/strong> &#8211; rozmowy w siedzibie Sp\u00f3\u0142dzielni b\u0105d\u017a online;<\/td><\/tr><tr><td><strong>12 &#8211; 15 kwietnia<\/strong> &#8211; II etap &#8211; czekamy na odpowiedzi;<\/td><td><strong>10 maja<\/strong> &#8211; wyniki rekrutacji<\/td><\/tr><\/tbody><\/table><\/figure>\n\n\n\n<div class=\"wp-block-contact-form-7-contact-form-selector\">\n<div class=\"wpcf7 no-js\" id=\"wpcf7-f2492-o1\" lang=\"pl-PL\" dir=\"ltr\" data-wpcf7-id=\"2492\">\n<div class=\"screen-reader-response\"><p role=\"status\" aria-live=\"polite\" aria-atomic=\"true\"><\/p> <ul><\/ul><\/div>\n<form action=\"\/index.php\/wp-json\/wp\/v2\/pages\/2489#wpcf7-f2492-o1\" method=\"post\" class=\"wpcf7-form init\" aria-label=\"Formularz kontaktowy\" enctype=\"multipart\/form-data\" novalidate=\"novalidate\" data-status=\"init\">\n<fieldset class=\"hidden-fields-container\"><input type=\"hidden\" name=\"_wpcf7\" value=\"2492\" \/><input type=\"hidden\" name=\"_wpcf7_version\" value=\"6.1.4\" \/><input type=\"hidden\" name=\"_wpcf7_locale\" value=\"pl_PL\" \/><input type=\"hidden\" name=\"_wpcf7_unit_tag\" value=\"wpcf7-f2492-o1\" \/><input type=\"hidden\" name=\"_wpcf7_container_post\" value=\"0\" \/><input type=\"hidden\" name=\"_wpcf7_posted_data_hash\" value=\"\" \/>\n<\/fieldset>\n<div id=\"dane_os\">\n\t<table>\n\t\t<tr>\n\t\t\t<td>\n\t\t\t\t<p>Imi\u0119*:\n\t\t\t\t<\/p>\n\t\t\t<\/td>\n\t\t\t<td>\n\t\t\t\t<p><span class=\"wpcf7-form-control-wrap\" data-name=\"imie-1\"><input size=\"40\" maxlength=\"400\" class=\"wpcf7-form-control wpcf7-text wpcf7-validates-as-required\" aria-required=\"true\" aria-invalid=\"false\" value=\"\" type=\"text\" name=\"imie-1\" \/><\/span>\n\t\t\t\t<\/p>\n\t\t\t<\/td>\n\t\t<\/tr>\n\t\t<tr>\n\t\t\t<td>\n\t\t\t\t<p>Nazwisko*:\n\t\t\t\t<\/p>\n\t\t\t<\/td>\n\t\t\t<td>\n\t\t\t\t<p><span class=\"wpcf7-form-control-wrap\" data-name=\"nazwisko-1\"><input size=\"40\" maxlength=\"400\" class=\"wpcf7-form-control wpcf7-text wpcf7-validates-as-required\" aria-required=\"true\" aria-invalid=\"false\" value=\"\" type=\"text\" name=\"nazwisko-1\" \/><\/span>\n\t\t\t\t<\/p>\n\t\t\t<\/td>\n\t\t<\/tr>\n\t\t<tr>\n\t\t\t<td>\n\t\t\t\t<p>Miejsce zamieszkania*:\n\t\t\t\t<\/p>\n\t\t\t<\/td>\n\t\t\t<td>\n\t\t\t\t<p><span class=\"wpcf7-form-control-wrap\" data-name=\"miejsce-1\"><input size=\"40\" maxlength=\"400\" class=\"wpcf7-form-control wpcf7-text wpcf7-validates-as-required\" aria-required=\"true\" aria-invalid=\"false\" value=\"\" type=\"text\" name=\"miejsce-1\" \/><\/span>\n\t\t\t\t<\/p>\n\t\t\t<\/td>\n\t\t<\/tr>\n\t\t<tr>\n\t\t\t<td>\n\t\t\t\t<p>Telefon*:\n\t\t\t\t<\/p>\n\t\t\t<\/td>\n\t\t\t<td>\n\t\t\t\t<p><span class=\"wpcf7-form-control-wrap\" data-name=\"tel-231\"><input size=\"40\" maxlength=\"400\" class=\"wpcf7-form-control wpcf7-tel wpcf7-validates-as-required wpcf7-text wpcf7-validates-as-tel\" aria-required=\"true\" aria-invalid=\"false\" value=\"\" type=\"tel\" name=\"tel-231\" \/><\/span>\n\t\t\t\t<\/p>\n\t\t\t<\/td>\n\t\t<\/tr>\n\t\t<tr>\n\t\t\t<td>\n\t\t\t\t<p>E-mail*:\n\t\t\t\t<\/p>\n\t\t\t<\/td>\n\t\t\t<td>\n\t\t\t\t<p><span class=\"wpcf7-form-control-wrap\" data-name=\"email-475\"><input size=\"40\" maxlength=\"400\" class=\"wpcf7-form-control wpcf7-email wpcf7-validates-as-required wpcf7-text wpcf7-validates-as-email\" aria-required=\"true\" aria-invalid=\"false\" value=\"\" type=\"email\" name=\"email-475\" \/><\/span>\n\t\t\t\t<\/p>\n\t\t\t<\/td>\n\t\t<\/tr>\n\t<\/table>\n<\/div>\n<div id =\"ankieta\">\n\t<p>Wype\u0142nij poni\u017csz\u0105 ankiet\u0119 i do\u0142\u0105cz plik z CV\n\t<\/p>\n\t<p>1.\tDlaczego chcesz dosta\u0107 t\u0105 prac\u0119?<br \/>\n<span class=\"wpcf7-form-control-wrap\" data-name=\"pytanie-1\"><textarea cols=\"40\" rows=\"10\" maxlength=\"2000\" class=\"wpcf7-form-control wpcf7-textarea wpcf7-validates-as-required\" aria-required=\"true\" aria-invalid=\"false\" name=\"pytanie-1\"><\/textarea><\/span><br \/>\n2.\tJak dobrze znasz nasz\u0105 Sp\u00f3\u0142dzielni\u0119 i to czym zajmujemy si\u0119 na co dzie\u0144?<br \/>\n<span class=\"wpcf7-form-control-wrap\" data-name=\"pytanie-2\"><textarea cols=\"40\" rows=\"10\" maxlength=\"2000\" class=\"wpcf7-form-control wpcf7-textarea wpcf7-validates-as-required\" aria-required=\"true\" aria-invalid=\"false\" name=\"pytanie-2\"><\/textarea><\/span><br \/>\n3.\tJak zamierzasz wykorzysta\u0107 swoje do\u015bwiadczenie zawodowe, by rozwin\u0105\u0107 nasz\u0105 Sp\u00f3\u0142dzielni\u0119?<br \/>\n<span class=\"wpcf7-form-control-wrap\" data-name=\"pytanie-3\"><textarea cols=\"40\" rows=\"10\" maxlength=\"2000\" class=\"wpcf7-form-control wpcf7-textarea wpcf7-validates-as-required\" aria-required=\"true\" aria-invalid=\"false\" name=\"pytanie-3\"><\/textarea><\/span><br \/>\n4.\tJakie ksi\u0105\u017cki lubisz czyta\u0107?<br \/>\n<span class=\"wpcf7-form-control-wrap\" data-name=\"pytanie-4\"><textarea cols=\"40\" rows=\"10\" maxlength=\"2000\" class=\"wpcf7-form-control wpcf7-textarea wpcf7-validates-as-required\" aria-required=\"true\" aria-invalid=\"false\" name=\"pytanie-4\"><\/textarea><\/span><br \/>\n5.\tCzy robi\u0142a\u015b\/robi\u0142e\u015b test Gallupa? Je\u015bli tak, jakie talenty masz w pierwszej pi\u0105tce?<br \/>\n<span class=\"wpcf7-form-control-wrap\" data-name=\"pytanie-5\"><textarea cols=\"40\" rows=\"10\" maxlength=\"2000\" class=\"wpcf7-form-control wpcf7-textarea wpcf7-validates-as-required\" aria-required=\"true\" aria-invalid=\"false\" name=\"pytanie-5\"><\/textarea><\/span><br \/>\n6.\tIle chcia\u0142aby\u015b\/chcia\u0142by\u015b zarabia\u0107 miesi\u0119cznie brutto?<br \/>\n<span class=\"wpcf7-form-control-wrap\" data-name=\"pytanie-6\"><textarea cols=\"40\" rows=\"10\" maxlength=\"2000\" class=\"wpcf7-form-control wpcf7-textarea wpcf7-validates-as-required\" aria-required=\"true\" aria-invalid=\"false\" name=\"pytanie-6\"><\/textarea><\/span><br \/>\n7.\tCzy wed\u0142ug Ciebie Sp\u00f3\u0142dzielnia powinna rozszerzy\u0107 swoj\u0105 dzia\u0142alno\u015b\u0107? Je\u015bli tak to w jakich obszarach nas widzisz?<br \/>\n<span class=\"wpcf7-form-control-wrap\" data-name=\"pytanie-7\"><textarea cols=\"40\" rows=\"10\" maxlength=\"2000\" class=\"wpcf7-form-control wpcf7-textarea wpcf7-validates-as-required\" aria-required=\"true\" aria-invalid=\"false\" name=\"pytanie-7\"><\/textarea><\/span><br \/>\n8.\tJakie cele postawi\u0142aby\u015b\/postawi\u0142by\u015b sobie gdyby\u015b dosta\u0142a t\u0105 prac\u0119?<br \/>\n<span class=\"wpcf7-form-control-wrap\" data-name=\"pytanie-8\"><textarea cols=\"40\" rows=\"10\" maxlength=\"2000\" class=\"wpcf7-form-control wpcf7-textarea wpcf7-validates-as-required\" aria-required=\"true\" aria-invalid=\"false\" name=\"pytanie-8\"><\/textarea><\/span><br \/>\n9.\tOpisz sw\u00f3j styl pracy.<br \/>\n<span class=\"wpcf7-form-control-wrap\" data-name=\"pytanie-9\"><textarea cols=\"40\" rows=\"10\" maxlength=\"2000\" class=\"wpcf7-form-control wpcf7-textarea wpcf7-validates-as-required\" aria-required=\"true\" aria-invalid=\"false\" name=\"pytanie-9\"><\/textarea><\/span><br \/>\n10.\tWymie\u0144 3 najwa\u017cniejsze dla Ciebie warto\u015bci.<br \/>\n<span class=\"wpcf7-form-control-wrap\" data-name=\"pytanie-10\"><textarea cols=\"40\" rows=\"10\" maxlength=\"2000\" class=\"wpcf7-form-control wpcf7-textarea wpcf7-validates-as-required\" aria-required=\"true\" aria-invalid=\"false\" name=\"pytanie-10\"><\/textarea><\/span><br \/>\n11.\tCzego chcesz si\u0119 nauczy\u0107 w ci\u0105gu najbli\u017cszego roku?<br \/>\n<span class=\"wpcf7-form-control-wrap\" data-name=\"pytanie-11\"><textarea cols=\"40\" rows=\"10\" maxlength=\"2000\" class=\"wpcf7-form-control wpcf7-textarea wpcf7-validates-as-required\" aria-required=\"true\" aria-invalid=\"false\" name=\"pytanie-11\"><\/textarea><\/span>\n\t<\/p>\n\t<p>Twoje CV*: <span class=\"wpcf7-form-control-wrap\" data-name=\"CV\"><input size=\"40\" class=\"wpcf7-form-control wpcf7-file wpcf7-validates-as-required\" accept=\"audio\/*,video\/*,image\/*\" aria-required=\"true\" aria-invalid=\"false\" type=\"file\" name=\"CV\" \/><\/span>\n\t<\/p>\n<\/div>\n<div id=\"obow\">\n\t<p>Obowi\u0105zek informacyjny:<br \/>\nAdministratorem Twoich danych osobowych w rozumieniu przepis\u00f3w o ochronie danych osobowych jest Gda\u0144ska Sp\u00f3\u0142dzielnia Socjalna, z siedzib\u0105 pod adresem: ul. Solec 4, 80-564 Gda\u0144sk, pos\u0142uguj\u0105ca si\u0119 numerem NIP 584-271-69-19, email: rekrutacja@gss.org.pl\n\t<\/p>\n<\/div>\n<div id=\"zgody\">\n\t<p>ZGODY:<br \/>\n<span class=\"wpcf7-form-control-wrap\" data-name=\"acceptance-306\"><span class=\"wpcf7-form-control wpcf7-acceptance\"><span class=\"wpcf7-list-item\"><input type=\"checkbox\" name=\"acceptance-306\" value=\"1\" aria-invalid=\"false\" \/><\/span><\/span><\/span> - Wyra\u017cam zgod\u0119 na przetwarzanie moich danych osobowych przez Gda\u0144sk\u0105 Sp\u00f3\u0142dzielni\u0119 Socjaln\u0105 na potrzeby przeprowadzenia bie\u017c\u0105cego procesu rekrutacji<br \/>\n<span class=\"wpcf7-form-control-wrap\" data-name=\"acceptance-307\"><span class=\"wpcf7-form-control wpcf7-acceptance\"><span class=\"wpcf7-list-item\"><input type=\"checkbox\" name=\"acceptance-307\" value=\"1\" aria-invalid=\"false\" \/><\/span><\/span><\/span> - O\u015bwiadczam, \u017ce zapozna\u0142em\/am si\u0119 z poni\u017cszymi informacjami na temat przetwarzania danych osobowych:\n\t<\/p>\n\t<p>Administratorem danych osobowych podanych w ankiecie jest Gda\u0144ska Sp\u00f3\u0142dzielnia Socjalna, ul. Solec 4, 80-564 Gda\u0144sk, NIP: 584-271-69-19. Z Administratorem mo\u017cna skontaktowa\u0107 si\u0119 e-mailowo: iod@gss.org.pl. Je\u017celi rekrutacja zmierza do zawarcia umowy o prac\u0119, to dane w zakresie wskazanym w przepisach prawa pracy b\u0119d\u0105 przetwarzane w celu przeprowadzenia obecnego post\u0119powania rekrutacyjnego i zawarcia umowy o prac\u0119 (art. 6 ust. 1 lit. c RODO). W przypadku, gdy rekrutacja zmierza do nawi\u0105zania wsp\u00f3\u0142pracy w ramach stosunku cywilnoprawnego, to podstawowe dane b\u0119d\u0105 przetwarzane w celu przeprowadzenia obecnego post\u0119powania rekrutacyjnego i zawarcia umowy cywilnoprawnej (art. 6 ust. 1 lit. f RODO). W przypadku danych podawanych dobrowolnie przez kandydata b\u0119d\u0105 one przetwarzane na podstawie zgody (art. 6 ust. 1 lit. a RODO, art. 9 ust. 2 lit. a RODO), kt\u00f3ra mo\u017ce zosta\u0107 odwo\u0142ana w ka\u017cdym czasie. Dane osobowe mog\u0105 by\u0107 przekazywane hostingodawcy, kt\u00f3ry przechowuje dane na serwerze skrzynki pocztowej, dostawcom narz\u0119dzi informatycznych, a tak\u017ce prawnikom. Dane b\u0119d\u0105 przechowywane do czasu zako\u0144czenia procesu rekrutacyjnego. Przys\u0142uguj\u0105 Ci prawo dost\u0119pu do swoich danych oraz otrzymania ich kopii, prawo do sprostowania (poprawiania) swoich danych osobowych, prawo do ograniczenia przetwarzania danych osobowych, prawo do usuni\u0119cia danych osobowych, a tak\u017ce prawo do wniesienia skargi do Prezesa Urz\u0119du Ochrony Danych Osobowych. Podanie danych w zakresie wynikaj\u0105cym z przepis\u00f3w prawa pracy jest niezb\u0119dne, by uczestniczy\u0107 w procesie rekrutacyjnym; podanie innych danych jest dobrowolne.\n\t<\/p>\n<\/div>\n<p><input class=\"wpcf7-form-control wpcf7-submit has-spinner\" type=\"submit\" value=\"Wy\u015blij ankiet\u0119\" \/>\n<\/p><div class=\"wpcf7-response-output\" aria-hidden=\"true\"><\/div>\n<\/form>\n<\/div>\n<\/div>\n\n\n\n<p><\/p>\n","protected":false},"excerpt":{"rendered":"<p>Szukamy kogo\u015b, kto ma do\u015bwiadczenie w zarz\u0105dzaniu biurem i b\u0119dzie mia\u0142 satysfakcj\u0119 z tego, \u017ce damy mu du\u017c\u0105 samodzielno\u015b\u0107 w organizowaniu biura i rozwoju Sp\u00f3\u0142dzielni. Twoje zadania: Obs\u0142uga sekretariatu Realizacja obiegu dokument\u00f3w Nadz\u00f3r nad dokumentacj\u0105 Przygotowywanie pism, dokumentacji, um\u00f3w Pilnowanie termin\u00f3w zwi\u0105zanych z funkcjonowaniem Sp\u00f3\u0142dzielni Realizacja planu pracy Prowadzenie strony internetowej Wsparcie w realizacji zada\u0144 [&hellip;]<\/p>\n","protected":false},"author":4,"featured_media":0,"parent":0,"menu_order":0,"comment_status":"closed","ping_status":"closed","template":"","meta":{"footnotes":""},"class_list":["post-2489","page","type-page","status-publish","hentry"],"_links":{"self":[{"href":"https:\/\/gss.org.pl\/index.php\/wp-json\/wp\/v2\/pages\/2489","targetHints":{"allow":["GET"]}}],"collection":[{"href":"https:\/\/gss.org.pl\/index.php\/wp-json\/wp\/v2\/pages"}],"about":[{"href":"https:\/\/gss.org.pl\/index.php\/wp-json\/wp\/v2\/types\/page"}],"author":[{"embeddable":true,"href":"https:\/\/gss.org.pl\/index.php\/wp-json\/wp\/v2\/users\/4"}],"replies":[{"embeddable":true,"href":"https:\/\/gss.org.pl\/index.php\/wp-json\/wp\/v2\/comments?post=2489"}],"version-history":[{"count":5,"href":"https:\/\/gss.org.pl\/index.php\/wp-json\/wp\/v2\/pages\/2489\/revisions"}],"predecessor-version":[{"id":2541,"href":"https:\/\/gss.org.pl\/index.php\/wp-json\/wp\/v2\/pages\/2489\/revisions\/2541"}],"wp:attachment":[{"href":"https:\/\/gss.org.pl\/index.php\/wp-json\/wp\/v2\/media?parent=2489"}],"curies":[{"name":"wp","href":"https:\/\/api.w.org\/{rel}","templated":true}]}}